r?
True
Is 714558881 a composite number?
True
Is 1664290766 a composite number?
True
Is 1427583631 a composite number?
False
Is 110551733 prime?
True
Is 105367021 a prime number?
False
Is 523864723 composite?
True
Is 4552633117 prime?
False
Is 12061628771 composite?
True
Is 409529753 composite?
True
Is 56226727961 composite?
True
Is 36152896469 a prime number?
False
Is 2594895817 prime?
False
Is 58346357 a composite number?
False
Is 5330696473 prime?
False
Is 30124742281 composite?
False
Is 333403913 a composite number?
False
Is 1919321519 a composite number?
True
Is 20286798659 a prime number?
True
Is 11263257079 composite?
False
Is 74112254023 a prime number?
False
Is 191388139 composite?
True
Is 19098441319 composite?
False
Is 131183861 prime?
True
Is 455774219 prime?
False
Is 108600983 a prime number?
True
Is 23475985051 composite?
True
Is 124548163 a composite number?
True
Is 105711527743 a prime number?
True
Is 156536419751 a composite number?
False
Is 36845201 a prime number?
False
Is 410484649 a composite number?
False
Is 21156058849 a prime number?
True
Is 6054041883 a prime number?
False
Is 8943104087 prime?
False
Is 5143746137 a prime number?
False
Is 793241083 a prime number?
False
Is 13226025431 a composite number?
True
Is 18152421317 prime?
True
Is 90778052621 prime?
True
Is 223842881 composite?
True
Is 1646787089 a prime number?
True
Is 29619320183 a composite number?
True
Is 3262262389 prime?
False
Is 23640487447 composite?
False
Is 19078278029 prime?
True
Is 3662342617 composite?
False
Is 3696144941 composite?
True
Is 21967507589 composite?
False
Is 242855329 a composite number?
False
Is 680507981 composite?
True
Is 6125773547 prime?
True
Is 717687379 composite?
False
Is 4185263393 prime?
True
Is 420064143 a composite number?
True
Is 27709744963 composite?
True
Is 55075958491 prime?
False
Is 9595978267 composite?
True
Is 2769499407 composite?
True
Is 210759847 composite?
False
Is 580564411214 a prime number?
False
Is 1607613881 prime?
False
Is 2459754341 a composite number?
True
Is 3698455907 prime?
False
Is 675856871 composite?
True
Is 125535677 prime?
False
Is 5973938441 composite?
False
Is 456829007 a composite number?
True
Is 67967515001 prime?
False
Is 3720251023 prime?
True
Is 21132221827 prime?
False
Is 468440393 a prime number?
False
Is 10339036601 a prime number?
False
Is 3847260569 composite?
False
Is 84692063473 a composite number?
False
Is 350762689 a prime number?
False
Is 3956933441 a prime number?
True
Is 1182972929 prime?
False
Is 95520609746 a prime number?
False
Is 9274712921 a composite number?
False
Is 30609803167 a prime number?
True
Is 8194832761 composite?
False
Is 67485163 a composite number?
False
Is 6495199 a composite number?
True
Is 868214779 composite?
False
Is 60113758706 prime?
False
Is 1013324981 a composite number?
False
Is 5474511271 a composite number?
False
Is 5235261373 a composite number?
False
Is 581809114 composite?
True
Is 65330583937 a composite number?
False
Is 18620959837 prime?
False
Is 35739186671 composite?
False
Is 5001820399 composite?
False
Is 5468574317 a prime number?
True
Is 1827830399 a composite number?
True
Is 9864131623 prime?
False
Is 61255118839 a prime number?
True
Is 73037930261 a prime number?
False
Is 2211190087 a composite number?
True
Is 7192371869 prime?
True
Is 267986221 a prime number?
False
Is 566637587 a composite number?
True
Is 290014847 composite?
False
Is 492152981 composite?
False
Is 214032003961 prime?
True
Is 594247637 prime?
False
Is 250753049 prime?
True
Is 1493028419 a composite number?
False
Is 304143479 a prime number?
True
Is 93234926121 prime?
False
Is 946745479 composite?
False
Is 276823565059 composite?
False
Is 551880731 prime?
True
Is 201086323 a prime number?
True
Is 3620131957 prime?
False
Is 5835766087 a prime number?
True
Is 917003117 a prime number?
True
Is 4647223561 a prime number?
False
Is 1860475717 a prime number?
True
Is 406729571 prime?
True
Is 28288191 prime?
False
Is 42509983 prime?
False
Is 60386145049 prime?
False
Is 4936296227 a composite number?
False
Is 16958164841 composite?
False
Is 50562497663 a prime number?
True
Is 1158714643 a prime number?
False
Is 4142219441 a composite number?
False
Is 12342829259 a prime number?
False
Is 2717780789 a prime number?
True
Is 441268742 a prime number?
False
Is 17435245829 a composite number?
False
Is 162010622 a prime number?
False
Is 108873459547 a composite number?
True
Is 219833136317 prime?
False
Is 253816543 a composite number?
False
Is 3749681515 prime?
False
Is 1774534547 prime?
True
Is 1159039421 a composite number?
False
Is 5786809921 a prime number?
False
Is 9583956219 a composite number?
True
Is 2313030001 composite?
True
Is 645662021 a composite number?
False
Is 16137015086 a prime number?
False
Is 1192984207 a prime number?
True
Is 52537250413 composite?
True
Is 1379807867 composite?
False
Is 301608647 a composite number?
True
Is 121575795689 a prime number?
True
Is 21744265771 a prime number?
True
Is 46686959951 composite?
False
Is 45293245747 a prime number?
True
Is 13075914631 a prime number?
False
Is 4049471761 composite?
True
Is 84911639 composite?
False
Is 1404432943 prime?
True
Is 495594929 a prime number?
True
Is 3844398737 a prime number?
True
Is 15448416481 a prime number?
True
Is 1002408127 prime?
False
Is 2632377203 composite?
False
Is 21112962671 a composite number?
True
Is 6964178543 prime?
False
Is 17685366587 a composite number?
True
Is 224182566479 composite?
False
Is 27127264343 a prime number?
False
Is 386318981 a composite number?
True
Is 3148767893 prime?
True
Is 987700873 a prime number?
True
Is 1467805591 prime?
False
Is 1322068057 prime?
False
Is 2760154051 composite?
True
Is 3330742897 composite?
False
Is 17108452703 composite?
False
Is 774087263 a composite number?
True
Is 931895959 prime?
False
Is 1533457937 a prime number?
False
Is 137030488039 composite?
False
Is 1096797239 a prime number?
False
Is 3829782257 prime?
False
Is 145501172309 a composite number?
False
Is 3069785879 a prime number?
False
Is 2245835633 a composite number?
True
Is 47170309 composite?
True
Is 1002450401 a composite number?
True
Is 757866611 composite?
True
Is 615557753 a composite number?
True
Is 845313361 composite?
False
Is 6348332587 a prime number?
False
Is 4246346279 a composite number?
True
Is 3891406817 composite?
False
Is 556570957 composite?
False
Is 1279170601 composite?
False
Is 236486163283 composite?
False
Is 315526063 a composite number?
False
Is 4630865549 a composite number?
True
Is 482531333 composite?
False
Is 570788767 a composite number?
False
Is 8573357993 prime?
True
Is 22238832059 a composite number?
False
Is 254968057 prime?
False
Is 2741824417 prime?
True
Is 40211018669 a composite number?
False
Is 18159422029 prime?
False
Is 947772833 composite?
True
Is 813036911 prime?
False
Is 4535543357 prime?
False
Is 4050849251 a prime number?
True
Is 21141299 a composite number?
False
Is 3408884501 prime?
False
Is 24012078511 composite?
False
Is 15136336973 composite?
False
Is 8443909967 a prime number?
False
Is 11495668181 prime?
True
Is 2007198439 a composite number?
True
Is 3033445339 composite?
False
Is 4766207219 a composite number?
False
Is 11453797 prime?
True
Is 4637833303 prime?
True
Is 428702357 a prime number?
True
Is 6172745981 composite?
True
Is 149051957 a prime number?
False
Is 53504752993 a composite number?
True
Is 33087854737 prime?
False
Is 68356531571 a prime number?
False
Is 3313288861 a prime number?
True
Is 122430420197 composite?
False
Is 1851442391 a composite number?
True
Is 279129317 a prime number?
True
Is 336776177 prime?
True
Is 3046937969 composite?
False
Is 452428511 prime?
False
Is 1017293642 a composite number?
True
Is 477636541 a prime number?
True
Is 9822622279 a composite number?
False
Is 5084609843 a composite number?
True
Is 29306159041 a composite number?
True
Is 2068637479 composite?
False
Is 792974255 a prime number?
False
Is 11448150097 a prime number?
False
Is 2053523893 composite?
True
Is 1399122601 composite?
False
Is 2037616403 a composite number?
True
Is 945854303 a prime number?
False
Is 24301556603 a composite number?
False
Is 373609669 a prime number?
True
Is 11113062959 a composite number?
False
